te (-135 - (-101 + -71)) + -102.
-65
Calculate (2 - -8) + (-81 - (-10 - 48)).
-13
What is -731 + 738 - (-1 - 22)?
30
582 + -609 + -3 + 0
-30
Evaluate -85 - (-68 - (61 - 70)).
-26
(5 - -55) + (106 + -93 - (-1 + 15))
59
Calculate 3 + (2 + (10 - -9 - -1) - 7).
18
Calculate -1 - (-9 - 3) - (-29 + 26 - -16).
-2
Calculate -48 + 41 + 15 - (6 + -1).
3
-26 - (-5 - 31) - (43 - -10)
-43
Evaluate -8 + -26 + 5 + -31 + 43.
-17
167 - (470 + -264) - (1 - 99)
59
Evaluate (4 + -2 - 27) + 33 + 48 + -88.
-32
(-1 - 9) + (60 - 37) + (22 - -19)
54
Calculate 2 - 3 - -8 - -2 - (-752 + 754).
7
10 + -47 + 20 - 19
-36
What is (0 - 11 - (-6 - 0 - -6)) + -7?
-18
What is the value of -113 + 9 + (113 + -99 - (2 + 29))?
-121
What is -25 - (-7 + 1 + 36 + -15) - (-8 + -2)?
-30
Calculate 1 - 8 - (46 - 92) - (31 - 23).
31
Calculate (-248 - -146 - 18) + 242.
122
-14 - (17 - (92 + -20))
41
0 + (-1 - -5) + 18 + 122 + 71 + -119
96
(-17 - ((40 - 45) + 27)) + 36
-3
Evaluate 0 - -10 - 1 - (104654 - 104612).
-33
Evaluate -4 + 9 + -98 + (10 - -6) + 11 + -2.
-68
-16 + -75 + 89 + -10 + 7 + -2 + 0
-7
Calculate (-7 - 5) + (17 - -4) + -3.
6
What is -1 - 6 - (2 - -99 - 134)?
26
-75 + -9 + 97 + -56
-43
Calculate -116 + 50 + 42 - (-2 + -31).
9
Evaluate 48 - (0 - (1 - 1) - (-33 + -20 - -60)).
55
What is (1 + 0 - 14) + -55 + -33 + 87?
-14
What is the value of -1623 + 1594 - (1 - (-4 - 1))?
-35
What is the value of (-5 - (8 - -18)) + 3 + 9 - -40?
21
Evaluate -5 + (1 - -2 - 1) + (-154 - -159) + -52.
-50
Evaluate 54 - (0 + (24 + -46 - -7)).
69
What is the value of 9 + (-22 - (-15 + -12 - -8))?
6
What is 83 + (28 + 92 - 111)?
92
Calculate 7 + -16 + (7 - (19 + -12)) + -7.
-16
What is 35 + (7 + (12 + -13 - -6) - 12)?
35
What is the value of 1 + 12 - (-19 + (24 - (22 - 38)))?
-8
Evaluate (6 + -40 - 9 - -36) + (-1 - 62 - 1).
-71
What is (215 + -125 - 60) + 1 + -80?
-49
-86 + 73 - (3 + 12 - 8)
-20
What is 224 + (-258 - (-23 - 109))?
98
Evaluate 4 + (-1 - -1) + 30 + (-27 - (11 + -55)).
51
Calculate -31 - (-52 + -10 + (18 - 33)).
46
Calculate -3365 + 3327 + 60 + -3.
19
Calculate 300 + -307 + (5 - (5 + -9 + -7)).
9
-16 - (96 + -42 - 60)
-10
Calculate (2 - 3 - 30) + (-38 - (-25 - 26)).
-18
Calculate 18 + -31 + 18 + (2 - 3 - 51).
-47
Calculate 241 + -8 + -113 + -151.
-31
(-1218 - -1245) + -4 + 0
23
Evaluate -65 - (119 - (-1 - -119)).
-66
11 + 39 + (-6 - (10 + -16 - 3))
53
Calculate (10 - 16) + (-29 - -91) + 4.
60
What is (-1 - (-17 - -6)) + 10 + -3 - 10 - 4?
3
What is the value of (95 + -33 - 127) + 67?
2
What is the value of -44 + -29 + (-17 - -60)?
-30
What is the value of 17 - ((-43 - -3) + 107)?
-50
What is 39 + (18 - -18 - 38)?
37
What is (256 - 265) + (-3 - 1 - ((-1 - -5) + 1))?
-18
What is the value of -58 + -50 + 92 + (4 - (-30 + 2))?
16
What is -3 + -3 + 45 + 7 + -127 + 125?
44
What is the value of 0 + 5 - ((10 - 16 - 12 - -33) + -8)?
-2
What is the value of (2 - -14) + -1 + -10 + 12 + -50?
-33
What is 10 + (-125 - (29 + -130))?
-14
What is the value of 0 + -17 + -97 + (11 - (-73 + 57))?
-87
-8 + (78 - 58) + -2 + 2 + -53
-41
What is the value of 70 + -18 + (20 - 26)?
46
What is the value of 20 + (-20 - -1 - (-657 + 689))?
-31
19 + -2 + (49 - 61) - (-11 - (-125 - -10))
-99
What is the value of 5 + (14 - -60 - 141)?
-62
Calculate (1 + -29 - -57) + -32 + (-24 - 0).
-27
What is the value of (-14 - (16 + -23)) + (2 - -74)?
69
What is 14 - 74 - -31 - (-1 + 5 - 4 - -11)?
-40
What is the value of -1 + 2 - (-241 + 472 + -239)?
9
What is 2 - (-2 + -11) - (-1940 - -1964) - 5?
-14
Calculate 1 - 12 - (90 - (92 - 84)).
-93
Calculate -13 + -3 + 13 + -1 + 8 - -92.
96
What is the value of -45 + 14 + (43 - -46)?
58
-54 + 53 + (3 - (-10 + (-4 - -6)))
10
What is the value of -9 - (-7 + 14 - 5) - (-53 - (3 - -3))?
48
-88 + 98 + 1 + (-5 - (3 + -7)) + -43
-33
What is the value of -5 + (8 - 20) + 34?
17
What is -1 + -12 + (-590 + 590 - (-10 - 0))?
-3
Evaluate -4 - -3 - (23 + (-9 - (11 + -3))).
-7
227 - 264 - (-56 + -2)
21
-5 - (0 + (17 - 32) + (4 - 3))
9
Calculate 0 + -18 + (-26 - -36).
-8
-2 - (1 - -14) - (13 + (-35 - -12))
-7
Calculate -21 + (47 + 15 + -29 - -14).
26
(1 + 17 - (-157 + -4 + 60)) + -17
102
Calculate 28 - (4 + -30 - -15) - -70.
109
What is -6 + (3 - 1 - (-3 - (-2 + -7) - -3))?
-13
What is the value of (68 + (-3 - 54) - (0 + -1)) + 35?
47
Evaluate (5 - (3 + (9 - 3))) + 165 + -273.
-112
Calculate 6 + (27 - 19) + -59 - -28.
-17
28 + 49 + -113 + -86
-122
Evaluate (13 - (78 + -49) - (1 - 1)) + 89.
73
Calculate (-26 - -1) + 10 + 33 + 48 - (-1 + 8).
59
Evaluate 10 - (26 + -7 + -40).
31
Calculate 38 + 0 + -1190 + 1140.
-12
What is -53 - (-38 + 71 - 110)?
24
What is the value of (-2 - (6 + -10) - 4) + (-46 - 4) + 34?
-18
(-26 - -4) + -43 + 9
-56
What is the value of -27373 + 27352 + 94 + -1 + 0?
72
What is 192 + -166 - (-7 - -18)?
15
Calculate -37 - (-26 + -6) - 3 - (-36 - 2).
30
Evaluate (2 - -1) + -5 + 15 + -11 - 44.
-42
Evaluate 1 + 19 - (-200 + 221).
-1
(158 - 265) + 109 - (31 - (0 - 1))
-30
What is the value of 7 - -36 - -4 - (-6 - (6 + (-16 - -8)))?
51
120 + 6 + -404 + 329
51
71 + -92 + 2 - (-2 - (0 + 0) - 8)
-9
Calculate -1 + (4 - -26 - (2 + -16 - -12)).
31
Evaluate -2 + (0 + (16 - 9) + 1 - (-5 + -3)).
14
Calculate -46 - (13 - 0 - ((29 - -6) + -12 - 17)).
-53
What is the value of 150 + -225 + 85 - (-1 - -80)?
-69
Calculate 163 - 82 - 81 - -97.
97
Calculate -22 + 2 + 68 + -13 + -50 + 4.
-11
What is (55 - (19 + 30)) + -43 + 8?
-29
-1 + -10 + (-110 - -140) - -13
32
42 - (56 + (-16 - 33))
35
What is (18 - -1 - (-16 + 26 - -3)) + 6?
12
21 + 12 + -23 - (6 + 4)
0
What is the value of 15 - -1 - ((19 - (54 - 8)) + 46)?
-3
Calculate (-2 - -4 - 2) + (-331 - -334).
3
What is the value of (-5 - -4) + -9 - (-11 + (2 + -11 - -49))?
-39
What is the value of (-2654 - -2762) + (-24 - (-8 + 4))?
88
What is the value of -12 - ((-1 + -1 - (-279 - -289)) + 23)?
-23
-22 - (-27 - ((-81 - -22) + 20))
-34
What is 233 + 64 - 293 - (2 + -2 - (1 - 11))?
-6
What is 22 + -14 - (34 + 52 + 0 + -2)?
-76
What is the value of 10 - ((-19 - -7 - -20 - 22) + -2 + -8)?
34
Calculate (-86 - -64) + (3 - (-8 - -3)).
-14
Evaluate 51 - (-35 + -19 + -33 + 77 + 0 + 20).
41
What is the value of -15 + -3 + 13 - (-10 + 24)?
-19
Calculate 40 + -27 - ((0 - (-4 + -1)) + -12).
20
What is (10 - -1) + (-17 - (-7 + 1)) + -28?
-28
Evaluate -4 + -80 + 0 + (-33 - (-4 + -27)).
-86
Evaluate 2 - (-5 - -24) - (-87 - -16 - 16).
70
-9 + 1 - (-42 + (16 - (5 - -20)))
43
(-1 - 1 - (17 - (8 - -3))) + (-312 - -419)
99
Evaluate -11 + (-12 - -11 - -14) - 6 - -52.
48
(-6 - (-1 + (-2 - -2))) + (-377 - -411)
29
Calculate -2 + (-29 + 32 - (-13 + 9)).
5
What is 66 + -416 + 110 + 131?
-109
-1 + 1 - (3 + 7) - (-49 + 64 + -21)
-4
-23 - ((47 - 64) + (2 - 6))
-2
Evaluate 21 + 1 + (27 - -28 - 23) + 23.
77
Calculate -26 - (7 - -10 - 58 - 7).
22
(-10 - (-40 + (-14 - (5 + -11)))) + -11 + -5
22
Evaluate (7 - 3) + -15 - -25 - -14.
28
Calculate 53 + -18 + -16 + -1 + -23.
-5
46 + 0 - -1 - 3 - ((71 - 43) + -30)
46
Evaluate (24 - -1) + (-1938 - -1923) + -76 + 0.
-66
What is the value of 46 + (-19 - 20) - 16?
-9
What is the value of 53 - (-13 - -3 - (6 + -2 - 3))?
64
Calculate -19 + 19 + 21 + (18 - 33) + -103.
-97
Calculate (-1 - -11) + (11 - (13 + 19 + -30)).
19
What is the value of -11 + 0 + -2 - (46 + 55 + -129)?
15
(-1 - 14) + (707 - 726)
-34
Evaluate (-28 - -15) + 9 + -6 - (-1 + 56).
-65
(16 - 0 - (50 + -76)) + -19
23
What is the value of 27 + -1 - (-201 - -120 - -93)?
14
24 + -4 + (37 - (-11 + 22))
46
Calculate (21 + -21 + -33 - 4) + (-8 - 6).
-51
Calculate -3 + 11 + (-17 - (15 - 17 - -1)) + 55.
47
Evaluate 43 - (3 + 1 + -9 + 1 + 12).
35
Calculate (-40 - 78) + 28 + 25.
-65
Calculate -79 + -12 - -94 - (1 + 2 + 30).
-30
Calculate -66 - (87 + -104) - -103.
54
Evaluate 112 - -6 - (24 - (39 - 39)).
94
Calculate 6 + 7 + -23 + 70 + -22.
38
Calculate -7 + 3 - (-9 - (12 + -25)) - -89.
81
623 + -566 + (18 - 9 - 6)
60
What is the value of 0 + (26 - (-7 + 29)) + (1 - 1) - -13?
17
-46 + -4 + (748 - 642)
56
What is the value of 231 - (-31 - -21 - -129)?
112
Evaluate 15 + 4 + -10 + -9 - (51 + -160).
109
Evaluate 4 - 46 - (22 - 8 - 9).
-47
What is the value of -11637 - -11456 - (1 - 104)?
-78
What is (-28 - -43 - 10) + (-1 + 2 - 16) + 40?
30
Calculate -4 + (-18 - (104 - (11 - 4) - 17)).
-102
Calculate -20 - 0 -